{"id":22,"date":"2014-01-22T12:24:23","date_gmt":"2014-01-22T10:24:23","guid":{"rendered":"http:\/\/relaunch.rossbergschule-horb.de\/?page_id=22"},"modified":"2026-04-28T09:02:40","modified_gmt":"2026-04-28T07:02:40","slug":"startseite","status":"publish","type":"page","link":"https:\/\/www.judo-club-horb.de\/","title":{"rendered":"Startseite"},"content":{"rendered":"\n<figure class=\"wp-block-image size-full\"><img loading=\"lazy\" decoding=\"async\" width=\"580\" height=\"385\" src=\"https:\/\/www.judo-club-horb.de\/wp-content\/uploads\/2026\/04\/Startbild98.jpg\" alt=\"\" class=\"wp-image-5449\" srcset=\"https:\/\/www.judo-club-horb.de\/wp-content\/uploads\/2026\/04\/Startbild98.jpg 580w, https:\/\/www.judo-club-horb.de\/wp-content\/uploads\/2026\/04\/Startbild98-320x212.jpg 320w, https:\/\/www.judo-club-horb.de\/wp-content\/uploads\/2026\/04\/Startbild98-50x33.jpg 50w\" sizes=\"auto, (max-width: 580px) 100vw, 580px\" \/><\/figure>\n\n\n<h2>\u00a0<\/h2>\n<h2><span style=\"color: #000000;\"><strong>Herzlich Willkommen auf unserer Homepage!<\/strong><\/span><\/h2>\n<p><strong><span style=\"color: #000000;\">Zuletzt aktualisiert am: 28.04.2026<\/span><\/strong><\/p>\n<p>Antr\u00e4ge und Materialien f\u00fcr G\u00fcrtelvorbereitungen findet man unter der Rubrik &#8222;<a href=\"https:\/\/www.judo-club-horb.de\/?page_id=2418\" target=\"_blank\" rel=\"noopener\">Downloads<\/a>&#8222;.<\/p>\n<p>Termine, an denen das Training ausf\u00e4llt, findet man unter der Rubrik &#8222;<a href=\"https:\/\/www.judo-club-horb.de\/?page_id=2432\" target=\"_blank\" rel=\"noopener noreferrer\">Trainingsausfall<\/a>&#8222;.<\/p>\n<p><strong>Judo Club Horb in Social-Media<\/strong><\/p>\n<p><a href=\"https:\/\/de-de.facebook.com\/pages\/category\/Sports-Club\/Judo-Club-Horb-am-Neckar-e-V-767039493680002\/\" target=\"_blank\" rel=\"noopener\"><img loading=\"lazy\" decoding=\"async\" class=\"alignnone size-full wp-image-4179\" src=\"http:\/\/www.judo-club-horb.de\/wp-content\/uploads\/2020\/11\/Facebook-Icon.png\" alt=\"\" width=\"100\" height=\"100\" srcset=\"https:\/\/www.judo-club-horb.de\/wp-content\/uploads\/2020\/11\/Facebook-Icon.png 100w, https:\/\/www.judo-club-horb.de\/wp-content\/uploads\/2020\/11\/Facebook-Icon-50x50.png 50w\" sizes=\"auto, (max-width: 100px) 100vw, 100px\" \/><\/a><a href=\"https:\/\/www.instagram.com\/judoclubhorb\/\" target=\"_blank\" rel=\"noopener\"><br \/><img loading=\"lazy\" decoding=\"async\" class=\"alignnone size-full wp-image-4181\" src=\"http:\/\/www.judo-club-horb.de\/wp-content\/uploads\/2020\/11\/instagram-Logo.jpg\" alt=\"\" width=\"100\" height=\"100\" srcset=\"https:\/\/www.judo-club-horb.de\/wp-content\/uploads\/2020\/11\/instagram-Logo.jpg 100w, https:\/\/www.judo-club-horb.de\/wp-content\/uploads\/2020\/11\/instagram-Logo-50x50.jpg 50w\" sizes=\"auto, (max-width: 100px) 100vw, 100px\" \/><\/a><\/p>\n\n\n<p><\/p>\n","protected":false},"excerpt":{"rendered":"<p>\u00a0 Herzlich Willkommen auf unserer Homepage! Zuletzt aktualisiert am: 28.04.2026 Antr\u00e4ge und Materialien f\u00fcr G\u00fcrtelvorbereitungen findet man unter der Rubrik &#8222;Downloads&#8222;. Termine, an denen das Training ausf\u00e4llt, findet man unter der Rubrik &#8222;Trainingsausfall&#8222;. Judo Club Horb in Social-Media<\/p>\n","protected":false},"author":1,"featured_media":0,"parent":0,"menu_order":1,"comment_status":"open","ping_status":"open","template":"","meta":{"footnotes":""},"class_list":["post-22","page","type-page","status-publish","hentry"],"_links":{"self":[{"href":"https:\/\/www.judo-club-horb.de\/index.php?rest_route=\/wp\/v2\/pages\/22","targetHints":{"allow":["GET"]}}],"collection":[{"href":"https:\/\/www.judo-club-horb.de\/index.php?rest_route=\/wp\/v2\/pages"}],"about":[{"href":"https:\/\/www.judo-club-horb.de\/index.php?rest_route=\/wp\/v2\/types\/page"}],"author":[{"embeddable":true,"href":"https:\/\/www.judo-club-horb.de\/index.php?rest_route=\/wp\/v2\/users\/1"}],"replies":[{"embeddable":true,"href":"https:\/\/www.judo-club-horb.de\/index.php?rest_route=%2Fwp%2Fv2%2Fcomments&post=22"}],"version-history":[{"count":49,"href":"https:\/\/www.judo-club-horb.de\/index.php?rest_route=\/wp\/v2\/pages\/22\/revisions"}],"predecessor-version":[{"id":5450,"href":"https:\/\/www.judo-club-horb.de\/index.php?rest_route=\/wp\/v2\/pages\/22\/revisions\/5450"}],"wp:attachment":[{"href":"https:\/\/www.judo-club-horb.de\/index.php?rest_route=%2Fwp%2Fv2%2Fmedia&parent=22"}],"curies":[{"name":"wp","href":"https:\/\/api.w.org\/{rel}","templated":true}]}}