{"id":2204,"date":"2014-04-11T15:42:48","date_gmt":"2014-04-11T13:42:48","guid":{"rendered":"http:\/\/relaunch.judo-club-horb.de\/?page_id=2204"},"modified":"2026-03-29T11:37:54","modified_gmt":"2026-03-29T09:37:54","slug":"judo-technikvielfalt-im-boden","status":"publish","type":"page","link":"https:\/\/www.judo-club-horb.de\/?page_id=2204","title":{"rendered":"Judo &#8211; Technikvielfalt am Boden"},"content":{"rendered":"\n<p>Neben den zahlreichen Techniken im Stand gibt es auch ebenso viele Techniken im Bodenkampf. Zum einen gibt es Haltegriffe, Armhebel und W\u00fcrgetechniken. Bei den Haltegriffen kommt es darauf an, dass man unter Wettkampfbedingungen seinen Partner 20 Sekunden mit einer Haltetechnik am Boden halten kann. Auf den ersten Blick erscheinen 20 Sekunden sehr kurz. Wer schon mal sich aus einem Haltegriff befreien wollte kann wirklich ermessen, wie lange 20 Sekunden sein k\u00f6nnen.<\/p>\n\n\n\n\n\n<p>Bei den Hebeltechniken kommt es darauf an, den gestreckten oder gebeugten Arm so zu hebeln, dass der Partner durch Abklopfen aufgibt. Hierbei ist es besonders wichtig, dass die Hebeltechnik sauber und kontrolliert durchgef\u00fchrt wird. Es gibt einige Hebeltechniken, bei denen ein Bein bei der Technikausf\u00fchrung zur Hilfe genommen werden kann.<\/p>\n\n\n\n<figure class=\"wp-block-image size-large is-resized\"><img loading=\"lazy\" decoding=\"async\" width=\"585\" height=\"515\" src=\"http:\/\/www.judo-club-horb.de\/wp-content\/uploads\/2026\/01\/Kesa-gatame-585x515.jpg\" alt=\"\" class=\"wp-image-5364\" style=\"width:365px;height:auto\" srcset=\"https:\/\/www.judo-club-horb.de\/wp-content\/uploads\/2026\/01\/Kesa-gatame-585x515.jpg 585w, https:\/\/www.judo-club-horb.de\/wp-content\/uploads\/2026\/01\/Kesa-gatame-320x282.jpg 320w, https:\/\/www.judo-club-horb.de\/wp-content\/uploads\/2026\/01\/Kesa-gatame-768x676.jpg 768w, https:\/\/www.judo-club-horb.de\/wp-content\/uploads\/2026\/01\/Kesa-gatame-1536x1352.jpg 1536w, https:\/\/www.judo-club-horb.de\/wp-content\/uploads\/2026\/01\/Kesa-gatame-2048x1803.jpg 2048w, https:\/\/www.judo-club-horb.de\/wp-content\/uploads\/2026\/01\/Kesa-gatame-50x44.jpg 50w\" sizes=\"auto, (max-width: 585px) 100vw, 585px\" \/><figcaption class=\"wp-element-caption\">Haltegriff &#8211; Beispiel Kesa-gatame<\/figcaption><\/figure>\n\n\n\n<figure class=\"wp-block-image size-large is-resized\"><img loading=\"lazy\" decoding=\"async\" width=\"585\" height=\"417\" src=\"https:\/\/www.judo-club-horb.de\/wp-content\/uploads\/2026\/01\/Juji-gatame-585x417.jpg\" alt=\"\" class=\"wp-image-5365\" style=\"width:383px;height:auto\" srcset=\"https:\/\/www.judo-club-horb.de\/wp-content\/uploads\/2026\/01\/Juji-gatame-585x417.jpg 585w, https:\/\/www.judo-club-horb.de\/wp-content\/uploads\/2026\/01\/Juji-gatame-320x228.jpg 320w, https:\/\/www.judo-club-horb.de\/wp-content\/uploads\/2026\/01\/Juji-gatame-768x548.jpg 768w, https:\/\/www.judo-club-horb.de\/wp-content\/uploads\/2026\/01\/Juji-gatame-1536x1096.jpg 1536w, https:\/\/www.judo-club-horb.de\/wp-content\/uploads\/2026\/01\/Juji-gatame-2048x1462.jpg 2048w, https:\/\/www.judo-club-horb.de\/wp-content\/uploads\/2026\/01\/Juji-gatame-50x36.jpg 50w\" sizes=\"auto, (max-width: 585px) 100vw, 585px\" \/><figcaption class=\"wp-element-caption\">Armhebel &#8211; Beispiel &#8211; Juji-gatame<\/figcaption><\/figure>\n\n\n\n<p>Bei den W\u00fcrgetechniken kommt es darauf an, dass bei der Durchf\u00fchrung dieser Techniken die Blutzufuhr zum Kopf durch Abdr\u00fccken vermindert wird. Auch hier gibt es Techniken, in denen ein Bein oder beide Beine zur Hilfe genommen werden k\u00f6nnen. Hier drei Technikbeispiele.<\/p>\n\n\n\n<figure class=\"wp-block-image size-large is-resized\"><img loading=\"lazy\" decoding=\"async\" width=\"585\" height=\"847\" src=\"https:\/\/www.judo-club-horb.de\/wp-content\/uploads\/2026\/01\/Okuri-eri-jime-von-hinten-585x847.jpg\" alt=\"\" class=\"wp-image-5366\" style=\"aspect-ratio:0.6906614580959971;width:295px;height:auto\" srcset=\"https:\/\/www.judo-club-horb.de\/wp-content\/uploads\/2026\/01\/Okuri-eri-jime-von-hinten-585x847.jpg 585w, https:\/\/www.judo-club-horb.de\/wp-content\/uploads\/2026\/01\/Okuri-eri-jime-von-hinten-207x300.jpg 207w, https:\/\/www.judo-club-horb.de\/wp-content\/uploads\/2026\/01\/Okuri-eri-jime-von-hinten-768x1112.jpg 768w, https:\/\/www.judo-club-horb.de\/wp-content\/uploads\/2026\/01\/Okuri-eri-jime-von-hinten-1061x1536.jpg 1061w, https:\/\/www.judo-club-horb.de\/wp-content\/uploads\/2026\/01\/Okuri-eri-jime-von-hinten-1415x2048.jpg 1415w, https:\/\/www.judo-club-horb.de\/wp-content\/uploads\/2026\/01\/Okuri-eri-jime-von-hinten-35x50.jpg 35w, https:\/\/www.judo-club-horb.de\/wp-content\/uploads\/2026\/01\/Okuri-eri-jime-von-hinten-scaled.jpg 1769w\" sizes=\"auto, (max-width: 585px) 100vw, 585px\" \/><figcaption class=\"wp-element-caption\">W\u00fcrgetechnik &#8211; Beispiel Okuri-eri-jime<\/figcaption><\/figure>\n\n\n\n<p><\/p>\n","protected":false},"excerpt":{"rendered":"<p>Neben den zahlreichen Techniken im Stand gibt es auch ebenso viele Techniken im Bodenkampf. Zum einen gibt es Haltegriffe, Armhebel und W\u00fcrgetechniken. Bei den Haltegriffen kommt es darauf an, dass man unter Wettkampfbedingungen seinen Partner 20 Sekunden mit einer Haltetechnik am Boden halten kann. Auf den ersten Blick erscheinen 20 Sekunden sehr kurz. Wer schon [&hellip;]<\/p>\n","protected":false},"author":3,"featured_media":0,"parent":97,"menu_order":8,"comment_status":"closed","ping_status":"closed","template":"","meta":{"footnotes":""},"class_list":["post-2204","page","type-page","status-publish","hentry"],"_links":{"self":[{"href":"https:\/\/www.judo-club-horb.de\/index.php?rest_route=\/wp\/v2\/pages\/2204","targetHints":{"allow":["GET"]}}],"collection":[{"href":"https:\/\/www.judo-club-horb.de\/index.php?rest_route=\/wp\/v2\/pages"}],"about":[{"href":"https:\/\/www.judo-club-horb.de\/index.php?rest_route=\/wp\/v2\/types\/page"}],"author":[{"embeddable":true,"href":"https:\/\/www.judo-club-horb.de\/index.php?rest_route=\/wp\/v2\/users\/3"}],"replies":[{"embeddable":true,"href":"https:\/\/www.judo-club-horb.de\/index.php?rest_route=%2Fwp%2Fv2%2Fcomments&post=2204"}],"version-history":[{"count":9,"href":"https:\/\/www.judo-club-horb.de\/index.php?rest_route=\/wp\/v2\/pages\/2204\/revisions"}],"predecessor-version":[{"id":5424,"href":"https:\/\/www.judo-club-horb.de\/index.php?rest_route=\/wp\/v2\/pages\/2204\/revisions\/5424"}],"up":[{"embeddable":true,"href":"https:\/\/www.judo-club-horb.de\/index.php?rest_route=\/wp\/v2\/pages\/97"}],"wp:attachment":[{"href":"https:\/\/www.judo-club-horb.de\/index.php?rest_route=%2Fwp%2Fv2%2Fmedia&parent=2204"}],"curies":[{"name":"wp","href":"https:\/\/api.w.org\/{rel}","templated":true}]}}