{"id":2447,"date":"2014-04-19T17:42:23","date_gmt":"2014-04-19T15:42:23","guid":{"rendered":"http:\/\/relaunch.judo-club-horb.de\/?page_id=2447"},"modified":"2023-09-13T18:40:50","modified_gmt":"2023-09-13T16:40:50","slug":"verein-satzung","status":"publish","type":"page","link":"https:\/\/www.judo-club-horb.de\/?page_id=2447","title":{"rendered":"Verein &#8211; Satzung"},"content":{"rendered":"<p><b>\u00a0 <\/b><strong>Satzung<\/strong> (Stand 10.03.2023)\u00a0 im PDF-Format: <a href=\"http:\/\/www.judo-club-horb.de\/wp-content\/uploads\/2023\/09\/6-Satzung-10.03.2023.pdf\" target=\"_blank\" rel=\"noopener\">6 &#8211; Satzung 10.03.2023<\/a><\/p>\n<p>&nbsp;<\/p>\n<p><strong>Satzung des<\/strong><\/p>\n<p><strong>Judo &#8211; Club Horb a.N. e.V.<\/strong><\/p>\n<p><strong>\u00a0<\/strong><\/p>\n<ul>\n<li><strong> 1 Name, Sitz und Gesch\u00e4ftsjahr<\/strong><\/li>\n<\/ul>\n<ol>\n<li>Der am 28.12.1978 in Horb am Neckar gegr\u00fcndete Club f\u00fchrt den Namen:<\/li>\n<\/ol>\n<p>&#8220; Judo &#8211; Club Horb a.N. e.V.&#8220;<\/p>\n<ol start=\"2\">\n<li>Er hat seinen Sitz in Horb am Neckar und ist im Vereinsregister beim Amtsgericht Stuttgart (Registernummer VR 440123) eingetragen.<\/li>\n<li>Sein Gesch\u00e4ftsjahr ist das Kalenderjahr.<\/li>\n<\/ol>\n<ul>\n<li><strong> 2 Zweck, Ziele und Gemeinn\u00fctzigkeit<\/strong><\/li>\n<\/ul>\n<ol>\n<li>Der Verein verfolgt ideelle, kulturelle und gemeinn\u00fctzige Ziele auf dem Gebiet der K\u00f6rperert\u00fcchtigung und der Freizeitgestaltung. Er dient der Aus\u00fcbung der Budosportarten. Ziel ist die K\u00f6rperert\u00fcchtigung von Kindern, Jugendlichen und Erwachsenen aller Geschlechter.<\/li>\n<li>Der Verein verfolgt ausschlie\u00dflich und unmittelbar gemeinn\u00fctzige Zwecke im Sinne des Abschnitts \u201eSteuerbeg\u00fcnstigte Zwecke\u201c der Abgabenordnung.<\/li>\n<li>Der Verein ist selbstlos t\u00e4tig. Er verfolgt nicht in erster Linie eigenwirtschaftliche Zwecke. Mittel des Vereins d\u00fcrfen nur f\u00fcr die satzungsm\u00e4\u00dfigen Zwecke verwendet werden. Die Mitglieder erhalten keine Zuwendungen aus Mitteln des Vereins.<\/li>\n<li>Es darf keine Person durch Ausgaben, die dem Zweck des Vereins fremd sind oder durch unverh\u00e4ltnism\u00e4\u00dfig hohe Verg\u00fctungen beg\u00fcnstigt werden.<\/li>\n<\/ol>\n<ul>\n<li><strong> 3 Mitgliedschaft des Vereins<\/strong><\/li>\n<\/ul>\n<p>Der Verein ist Mitglied im W\u00fcrttembergischen Landessportbund e.V. (WLSB). Der Verein und seine Mitglieder erkennen die Satzungsbestimmungen und Ordnungen des WLSB und die der Mitgliedsverb\u00e4nde des WLSB, deren Sportarten im Verein betrieben werden, als verbindlich an.<\/p>\n<ul>\n<li><strong> 4 Mitgliedschaft<\/strong><\/li>\n<\/ul>\n<ol>\n<li>Die Mitgliedschaft ist f\u00fcr jedermann ohne Ansehen der Religionszugeh\u00f6rigkeit und Staatsangeh\u00f6rigkeit offen.<\/li>\n<li>F\u00fcr Kinder und Jugendliche unter 18 Jahren ist die Zustimmung und die Unterschrift eines Erziehungsberechtigten notwendig.<\/li>\n<li>Zu Ehrenmitgliedern kann der Club Mitglieder ernennen, die sich besondere Verdienste um den Club erworben haben. Ehrenmitglieder besitzen die gleichen Rechte und Pflichten wie ordentliche Mitglieder und werden beitragsfrei gef\u00fchrt.<\/li>\n<li>Die Aufnahme in den Club muss bei diesem schriftlich beantragt werden. Eine Aufnahmekommission von mindestens zwei Vorstandsmitgliedern entscheidet \u00fcber die Aufnahme. Eine besondere Benachrichtigung ergeht nicht.<\/li>\n<li>Im Falle der schriftlichen Ablehnung brauchen die Gr\u00fcnde nicht bekanntgegeben zu werden. Gegen die Ablehnung kann innerhalb von zwei Wochen schriftlich Berufung an die Mitgliederversammlung eingelegt werden, die endg\u00fcltig entscheidet.<\/li>\n<\/ol>\n<ul>\n<li><strong> 5 Beitr\u00e4ge<\/strong><\/li>\n<\/ul>\n<ol>\n<li>Der Club erhebt zur Bestreitung seiner Auslagen von Mitgliedern eine Aufnahmegeb\u00fchr und nach Gruppen eingeteilte einheitliche Jahresbeitr\u00e4ge, unabh\u00e4ngig vom Beitrittsmonat.<\/li>\n<li>Die H\u00f6he der Beitr\u00e4ge und der Aufnahmegeb\u00fchr werden von der Mitgliederversammlung festgelegt.<\/li>\n<li>Die Beitragsgruppen gliedern sich wie folgt:<\/li>\n<li>Kinder im ersten bis zum vollendeten 14. Lebensjahr<\/li>\n<li>Jugendliche vom 15. bis vollendeten 18. Lebensjahr<\/li>\n<li>Erwachsene ab dem 19. Lebensjahr<\/li>\n<li>Familienmitgliedschaft liegt vor, wenn mindestens 3 Personen einer Familie Mitglieder sind. Somit zahlen 2 Mitglieder den vollen Beitrag, das 3. Mitglied den halben Beitrag und jedes weitere Mitglied wird beitragsfrei gef\u00fchrt.<\/li>\n<li>Passive Mitglieder<\/li>\n<li>Auszubildende, Studierende, Bundesfreiwilligendienst (BFD), Freiwillige im FSJ (Freiwilliges Soziales Jahr) und F\u00d6J (Freiwilliges \u00d6kologisches Jahr) auf Nachweis. Studierende legen j\u00e4hrlich unaufgefordert ihren Studiennachweis vor.<\/li>\n<li>Trainer\/innen und Vorstandsmitglieder bezahlen den Passivbeitrag.<\/li>\n<li>Ehrenmitglieder werden beitragsfrei gef\u00fchrt.<\/li>\n<li>Mahngeb\u00fchr<\/li>\n<\/ol>\n<p>Bei Beitr\u00e4gen, die nicht einen Monat nach F\u00e4lligkeit bezahlt sind, kann eine Mahngeb\u00fchr erhoben werden.<\/p>\n<ul>\n<li><strong> 6 Beendigung der Mitgliedschaft<\/strong><\/li>\n<\/ul>\n<ol>\n<li>Die Beendigung der Mitgliedschaft (Vereinsaustritt) erfolgt durch schriftliche Erkl\u00e4rung an den Vorstand bis sp\u00e4testens 1. Dezember und wird mit Ende des laufenden Kalenderjahres wirksam.<\/li>\n<li>Der Vorstand kann Mitglieder aus dem Club ausschlie\u00dfen, wenn<\/li>\n<li>das Mitglied trotz Mahnung den f\u00e4lligen Beitrag nicht bezahlt,<\/li>\n<li>der Ausschluss im Interesse des Clubs notwendig wird.<\/li>\n<li>Die Mitgliedschaft endet sp\u00e4testens durch Tod des Mitglieds.<\/li>\n<\/ol>\n<ul>\n<li><strong> 7 Leitung<\/strong><\/li>\n<\/ul>\n<p>Die Organe des Clubs sind:<\/p>\n<ol>\n<li>die Mitgliederversammlung<\/li>\n<li>der Vorstand<\/li>\n<\/ol>\n<ul>\n<li><strong> 8 Mitgliederversammlung<\/strong><\/li>\n<\/ul>\n<ol>\n<li>Die Mitgliederversammlung ist das oberste Organ des Clubs. Alle ordentlichen Mitglieder und Ehrenmitglieder sind schriftlich (auch per E-Mail), durch die Presse und auf der Homepage des Vereins mindestens zwei Wochen vorher einzuladen.<\/li>\n<li>Stimmberechtigt sind alle erwachsenen Mitglieder. (l\u00f6schen da unter 4. nochmal) Die Tagesordnung muss mindestens folgende Punkte enthalten:<\/li>\n<li>die Feststellung der Stimmliste<\/li>\n<li>Bericht des\/der Vorsitzenden \u00fcber das abgelaufene Gesch\u00e4ftsjahr<\/li>\n<li>Bericht des Kassierers\/der Kassiererin und der Rechnungspr\u00fcfer\/innen<\/li>\n<li>Bericht des Sportwartes\/der Sportwartin<\/li>\n<li>Bericht des Jugendwarts\/der Jugendwartin<\/li>\n<li>Bericht des Sportkoordinators\/der Sportkoordinatorin<\/li>\n<li>Entlastung des Vorstandes<\/li>\n<li>Wahlen (Vorstand, zwei Rechnungspr\u00fcfer\/innen)<\/li>\n<li>Voranschlag \u00fcber das laufende Gesch\u00e4ftsjahr<\/li>\n<li>Antr\u00e4ge<\/li>\n<li>Verschiedenes<\/li>\n<li>Die ordentliche Mitgliederversammlung ist einmal j\u00e4hrlich, m\u00f6glichst im ersten Viertel des Kalenderjahres, durch den Vorstand einzuberufen.<\/li>\n<li>In der Mitgliederversammlung ist jedes anwesende vollj\u00e4hrige Mitglied stimmberechtigt. Stimm\u00fcbertragung ist unzul\u00e4ssig.<\/li>\n<li>Die Mitgliederversammlung ist ohne R\u00fccksicht auf die Zahl der erschienen Stimmberechtigten beschlussf\u00e4hig. Es entscheidet regelm\u00e4\u00dfig einfache Stimmenmehrheit. Stimmengleichheit gilt als Ablehnung. Zweidrittelmehrheit ist erforderlich bei Beschl\u00fcssen<\/li>\n<li>\u00fcber Satzungs\u00e4nderungen<\/li>\n<li>\u00fcber Dringlichkeitsantr\u00e4ge<\/li>\n<li>\u00fcber Antr\u00e4ge auf Abberufung des Vorstandes oder eines Vorstandsmitgliedes<\/li>\n<li>\u00fcber die Aufl\u00f6sung des Clubs<\/li>\n<li>Die Wahlen k\u00f6nnen in geheimer Abstimmung oder durch Akklamation erfolgen. Geheime Abstimmung muss erfolgen, wenn auch nur ein stimmberechtigtes Mitglied dies verlangt.<\/li>\n<li>\u00dcber Antr\u00e4ge kann mit Zustimmung der Mehrheit der Stimmberechtigten auch durch Zuruf entschieden werden.<\/li>\n<li>Antr\u00e4ge f\u00fcr die Mitgliederversammlung k\u00f6nnen von jedem ordentlichen Mitglied gestellt werden. Antr\u00e4ge m\u00fcssen mindestens acht Kalendertage vor der Mitgliederversammlung bei dem\/der Vorsitzenden eingereicht werden.<\/li>\n<li>Au\u00dferordentliche Mitgliederversammlungen sind vom Vorstand einzuberufen:<\/li>\n<li>auf Antrag von mindestens einem Drittel der ordentlichen Mitglieder des Clubs.<\/li>\n<li>aufgrund eines entsprechenden Vorstandsbeschlusses.<\/li>\n<li>\u00dcber die Verhandlungen und Beschl\u00fcsse der Mitgliederversammlung ist Niederschrift zu f\u00fchren, aus der mindestens die gefassten Beschl\u00fcsse hervorgehen m\u00fcssen. Die Niederschrift muss von zwei Vorstandsmitgliedern unterzeichnet werden.<\/li>\n<\/ol>\n<ul>\n<li><strong> 9 Vorstand<\/strong><\/li>\n<\/ul>\n<ol>\n<li>Der Vorstand setzt sich zusammen aus:<\/li>\n<li>dem\/der Vorsitzenden<\/li>\n<li>dem\/der stellvertretenden Vorsitzenden<\/li>\n<li>dem\/der Sportwart\/in<\/li>\n<li>dem\/der Jugendwart\/in<\/li>\n<li>dem\/der Kassierer\/in<\/li>\n<li>dem\/der Schriftf\u00fchrer\/in<\/li>\n<li>dem\/der Veranstaltungswart\/in<\/li>\n<li>dem\/der Sportkoordinator\/in<\/li>\n<li>dem\/der Beisitzer\/in oder den Beisitzern\/innen (z.B. Vertreter der passiven Mitglieder)<\/li>\n<\/ol>\n<p>Die Anzahl der Vorstandsmitglieder muss eine ungerade Zahl ergeben.<\/p>\n<ol start=\"2\">\n<li>Die Zusammenlegung von Vorstands\u00e4mtern ist zul\u00e4ssig.<\/li>\n<li>Der Vorstand wird in der Mitgliederversammlung gew\u00e4hlt. Die Amtsdauer betr\u00e4gt 2 Jahre.<\/li>\n<li>Der Vorstand vertritt den Club in allen Angelegenheiten nach den Beschl\u00fcssen und Weisungen der Mitgliederversammlung und unter Einhaltung der Satzung. Gesetzliche Vertreter des Clubs im Sinne des BGB sind der\/die 1. Vorsitzende und der\/die stellvertretende Vorsitzende je allein.<\/li>\n<li>Jedes Vorstandsamt kann durch entsprechenden Vorstandsbeschluss kommissarisch besetzt werden.<\/li>\n<li>Die Gesch\u00e4ftsf\u00fchrung im Innenverh\u00e4ltnis des Vereins obliegt dem\/der 1. Vorsitzenden oder im Verhinderungsfalle seinem\/seiner Vertreter\/in, jeweils gemeinsam mit dem\/der Kassierer\/in.<\/li>\n<li>S\u00e4mtliche \u00c4mter sind Ehren\u00e4mter.<\/li>\n<li>Zur Pr\u00fcfung des Finanzgebarens werden zwei Rechnungspr\u00fcfer\/innen gew\u00e4hlt. Die Rechnungspr\u00fcfer\/innen werden von der Mitgliederversammlung auf die Dauer von 2 Jahren gew\u00e4hlt. Wiederwahl ist zul\u00e4ssig. Sie d\u00fcrfen kein Amt im Vorstand innehaben. Sie haben mindestens einmal im Jahr vor der Mitgliederversammlung Buchf\u00fchrung und Kasse zu pr\u00fcfen und der Mitgliederversammlung Bericht zu erstatten.<\/li>\n<\/ol>\n<ul>\n<li><strong> 10 Satzungs\u00e4nderungen<\/strong><\/li>\n<\/ul>\n<p>Antr\u00e4ge auf Satzungs\u00e4nderung k\u00f6nnen nicht als Dringlichkeitsantr\u00e4ge gestellt werden. Sie werden vom Vorstand gepr\u00fcft und der Mitgliederversammlung vorgelegt. Diese entscheidet mit Zweidrittelmehrheit.<\/p>\n<ul>\n<li><strong> 11 Aufl\u00f6sung<\/strong><\/li>\n<\/ul>\n<ol>\n<li>Die Aufl\u00f6sung des Clubs kann nur in einer eigens zu diesem Zwecke einberufenen Mitgliederversammlung mit Zweidrittelmehrheit der Stimmen erfolgen.<\/li>\n<li>Im Falle der Aufl\u00f6sung ernennt die Mitgliederversammlung die Liquidatoren.<\/li>\n<li>Bei Aufl\u00f6sung des Vereins oder bei Wegfall steuerbeg\u00fcnstigter Zwecke f\u00e4llt das Verm\u00f6gen des Vereins an die Stadt Horb am Neckar, die es unmittelbar und ausschlie\u00dflich f\u00fcr gemeinn\u00fctzige, mildt\u00e4tige oder kirchliche Zwecke zu verwenden hat.<\/li>\n<\/ol>\n<ul>\n<li><strong> 12 Erf\u00fcllungsort und Gerichtsstand<\/strong><\/li>\n<\/ul>\n<p>Erf\u00fcllungsort und Gerichtsstand f\u00fcr alle sich aus dieser Satzung ergebenden Rechte und Pflichten ist Horb am Neckar.<\/p>\n<p>&nbsp;<\/p>\n<p>&nbsp;<\/p>\n<ul>\n<li><strong> 13 Inkrafttreten<\/strong><\/li>\n<\/ul>\n<p>Diese Satzung wurde in der ordentlichen Mitgliederversammlung am 10. M\u00e4rz 2023 beschlossen. Sie tritt mit ihrer Eintragung ins Vereinsregister in Kraft.<\/p>\n<p>&nbsp;<\/p>\n<p>\u00a9 Judo &#8211; Club Horb a.N. e.V.<\/p>\n<p>&nbsp;<\/p>\n","protected":false},"excerpt":{"rendered":"<p>\u00a0 Satzung (Stand 10.03.2023)\u00a0 im PDF-Format: 6 &#8211; Satzung 10.03.2023 &nbsp; Satzung des Judo &#8211; Club Horb a.N. e.V. \u00a0 1 Name, Sitz und Gesch\u00e4ftsjahr Der am 28.12.1978 in Horb am Neckar gegr\u00fcndete Club f\u00fchrt den Namen: &#8220; Judo &#8211; Club Horb a.N. e.V.&#8220; Er hat seinen Sitz in Horb am Neckar und ist im [&hellip;]<\/p>\n","protected":false},"author":3,"featured_media":0,"parent":110,"menu_order":4,"comment_status":"closed","ping_status":"closed","template":"","meta":{"footnotes":""},"class_list":["post-2447","page","type-page","status-publish","hentry"],"_links":{"self":[{"href":"https:\/\/www.judo-club-horb.de\/index.php?rest_route=\/wp\/v2\/pages\/2447","targetHints":{"allow":["GET"]}}],"collection":[{"href":"https:\/\/www.judo-club-horb.de\/index.php?rest_route=\/wp\/v2\/pages"}],"about":[{"href":"https:\/\/www.judo-club-horb.de\/index.php?rest_route=\/wp\/v2\/types\/page"}],"author":[{"embeddable":true,"href":"https:\/\/www.judo-club-horb.de\/index.php?rest_route=\/wp\/v2\/users\/3"}],"replies":[{"embeddable":true,"href":"https:\/\/www.judo-club-horb.de\/index.php?rest_route=%2Fwp%2Fv2%2Fcomments&post=2447"}],"version-history":[{"count":7,"href":"https:\/\/www.judo-club-horb.de\/index.php?rest_route=\/wp\/v2\/pages\/2447\/revisions"}],"predecessor-version":[{"id":4674,"href":"https:\/\/www.judo-club-horb.de\/index.php?rest_route=\/wp\/v2\/pages\/2447\/revisions\/4674"}],"up":[{"embeddable":true,"href":"https:\/\/www.judo-club-horb.de\/index.php?rest_route=\/wp\/v2\/pages\/110"}],"wp:attachment":[{"href":"https:\/\/www.judo-club-horb.de\/index.php?rest_route=%2Fwp%2Fv2%2Fmedia&parent=2447"}],"curies":[{"name":"wp","href":"https:\/\/api.w.org\/{rel}","templated":true}]}}